{"id":72,"date":"2009-05-30T01:14:31","date_gmt":"2009-05-29T23:14:31","guid":{"rendered":"http:\/\/www.gv-eddersheim.de\/web\/?page_id=72"},"modified":"2015-05-04T19:31:10","modified_gmt":"2015-05-04T18:31:10","slug":"chronik","status":"publish","type":"page","link":"https:\/\/www.gv-eddersheim.de\/?page_id=72","title":{"rendered":"Chronik"},"content":{"rendered":"<p><strong>Ein Verein mit langer Tradition<\/strong><\/p>\n<p>Am 17. Februar 1863 kamen sieben M\u00e4nner (Adam Rendel, Lorenz Jakob Jost, Georg Hebauf, Jakob Wagner, Melchior Grob, Johann Jost und Andreas Wenzel) zusammen und beschlossen, unter Leitung des Lehrers Jung den Gesangverein \u201eLiederkranz\u201c zu gr\u00fcnden.<\/p>\n<p>Mit Adam Rendel als 1. Vorsitzenden machten sie sich, durch ausgew\u00e4hlte Chor\u00e4le, die Versch\u00f6nerung des Gottesdienstes zur Aufgabe.<\/p>\n<p>Bald darauf stieg die Anzahl der Mitglieder so stark an, dass bereits ein Jahr sp\u00e4ter in der Generalversammlung die Vereinssatzung endg\u00fcltig beschlossen werden konnte.<\/p>\n<p>So waren in dieser Satzung unter anderem folgende \u2013 in der heutigen Zeit undenkbare \u2013 Paragraphen enthalten:<\/p>\n<p>\u00a7 13<\/p>\n<p>Wer in den Verein aufgenommen werden will, hat sich bei dem Pr\u00e4sidenten zu melden, worauf dieser die Sache dem Vorstand und dem Verein vorlegt. Findet indessen der Direktor, dass das Mitglied zum Singen untauglich ist, so kann es nur Ehrenmitglied werden.<\/p>\n<p>\u00a7 14<\/p>\n<p>Ehrenmitglieder haben dieselben Rechte wie die aktiven Mitglieder, nur d\u00fcrfen dieselben nicht mitsingen. Weiter war in der Satzung schriftlich festgelegt, dass bei Unp\u00fcnktlichkeit oder unentschuldigtem Fernbleiben der Singstunden Strafgelder zu zahlen waren. Auch war festgelegt, dass diejenigen, die \u00fcber interne Vereinssachen in der \u00d6ffentlichkeit sprachen, mit sofortiger Wirkung aus dem Verein ausgeschlossen werden konnten.<\/p>\n<p>Sowohl das 25-j\u00e4hrige, als auch das 50-j\u00e4hrige Jubil\u00e4um wurden mit S\u00e4ngerwettstreiten und Jubil\u00e4umsfestivit\u00e4ten geb\u00fchrend gefeiert.<\/p>\n<p><span style=\"color: #1b1c20;\">Mit der Jahrhundertwende begann ein reges Treiben im Gesangverein.<\/span><\/p>\n<p>Die Singstunden wurden flei\u00dfiger besucht und auch die Mitgliederzahl nahm von Jahr zu Jahr zu, so dass bei Wettstreiten erstrebenswerte Erfolge erreicht werden konnten.<\/p>\n<p>Der Gesangverein \u201eEintracht\u201c ging aus dem 1862 gegr\u00fcndeten Turnverein hervor und z\u00e4hlte bereits 20 Mitglieder, als 1882 der Lehrer Remsberger zum 1. Vorsitzenden des neuen Vereins gew\u00e4hlt wurde. Nachdem er 30 Jahre die Vereinsf\u00fchrung innehatte, wurde er zum Ehrenpr\u00e4sidenten ernannt.<\/p>\n<p>Auch dieser Gesangverein erlebte Ende des 19. Jahrhunderts seine Bl\u00fctezeit und konnte mit seinen Auftritten bei Wettbewerben eine stattliche Anzahl an Preisen gewinnen.<\/p>\n<p><span style=\"color: #1b1c20;\">Am 16. September 1933 erfolgte auf Befehl der NS-Regierung der erzwungene Zusammenschluss beider Vereine unter dem Namen \u201eLiederkranz-Eintracht\u201c. <\/span>Eine Mitgliedschaft war jedoch weiterhin nur den M\u00e4nnern vorbehalten.\u00a0 Bereits kurz nach Kriegsende gelang es dem Dirigenten Ludwig Margolf, an der Wettstreittradition wieder mit gro\u00dfen Erfolg anzukn\u00fcpfen.<\/p>\n<p>Zum ersten Mal wurde im Jahre 1952 in der Fastnachtszeit ein \u201eKreppelkaffee\u201c mit geselligen Liedern und B\u00fcttenreden veranstaltet, bei dem auch die Frauen der S\u00e4nger dabei sein \u201edurften\u201c. Aus diesem n\u00e4rrischen Nachmittag entwickelte sich die mittlerweile sehr erfolgreiche \u201eK\u00fcmmeldrescher-Fastnachtssitzung\u201c, die seither ausschlie\u00dflich von eigenen Mitgliedern des Vereins gestaltet wird.<\/p>\n<p>Das 100-j\u00e4hrige Vereinsjubil\u00e4um wurde vom 3. &#8211; 5. August 1963 mit einem gro\u00dfen S\u00e4ngerfest gefeiert, bei dem 28 weitere Gesangvereine am gro\u00dfen Konzert teilnahmen.<\/p>\n<p>Zu diesem Anlass wurde unserem Verein f\u00fcr die langj\u00e4hrige Pflege des Chorgesangs die vom Bundespr\u00e4sidenten gestiftete \u201eZelter-Plakette\u201c \u00fcberreicht.<\/p>\n<p><img loading=\"lazy\" decoding=\"async\" title=\"bild1\" class=\"aligncenter size-medium wp-image-655\" src=\"http:\/\/www.gv-eddersheim.de\/wp-content\/uploads\/2009\/05\/bild1-450x349.jpg\" alt=\"bild1\" width=\"450\" height=\"349\" srcset=\"https:\/\/www.gv-eddersheim.de\/wp-content\/uploads\/2009\/05\/bild1-450x349.jpg 450w, https:\/\/www.gv-eddersheim.de\/wp-content\/uploads\/2009\/05\/bild1.jpg 897w\" sizes=\"auto, (max-width: 450px) 100vw, 450px\" \/><\/p>\n<p>Unter Hubert Scho\u00dfland als 1. Vorsitzenden wurden 1971 ein Kinderchor und eine Akkordeongruppe sowie die Tanzgruppe \u201eCandy Girls\u201c ins Leben gerufen. Die \u201eCandy Girls\u201c waren die erste Jugendtanzgruppe im Verein und wurden 26 Jahre lang von Irma Schrader trainiert. Im Jahre 2011 konnten die \u201eCandy Girls\u201c ihr 40-j\u00e4hriges Bestehen feiern. An den Feierlichkeiten nahmen auch die ehemaligen T\u00e4nzerinnen teil. H\u00f6hepunkt dieses Jubil\u00e4ums war der gemeinsame Auftritt der bisherigen \u201eCandy-Generation\u201c bei der K\u00fcmmeldrescher-Fastnachtssitzung<\/p>\n<p><img loading=\"lazy\" decoding=\"async\" title=\"bild1001\" class=\"aligncenter size-medium wp-image-656\" src=\"http:\/\/www.gv-eddersheim.de\/wp-content\/uploads\/2009\/05\/bild1001-450x336.jpg\" alt=\"bild1001\" width=\"450\" height=\"336\" srcset=\"https:\/\/www.gv-eddersheim.de\/wp-content\/uploads\/2009\/05\/bild1001-450x336.jpg 450w, https:\/\/www.gv-eddersheim.de\/wp-content\/uploads\/2009\/05\/bild1001.jpg 480w\" sizes=\"auto, (max-width: 450px) 100vw, 450px\" \/><\/p>\n<p>Im Jahre 1973 gr\u00fcndete Irma Schrader mit den \u201eSugar Babies\u201c eine weitere Tanzgruppe f\u00fcr Jugendliche ab 12 Jahre. Daniela Seel \u00fcbernahm die M\u00e4dchen und trainierte sie 14 Jahre lang. Ihr 40 j\u00e4hriges Bestehen feierten die \u201eSugar Babies\u201c im Jahre 2013 mit einer Geburtstagsparty am Fischerfest.<\/p>\n<p><img loading=\"lazy\" decoding=\"async\" title=\"bild1033\" class=\"aligncenter size-medium wp-image-660\" src=\"http:\/\/www.gv-eddersheim.de\/wp-content\/uploads\/2009\/05\/bild1033-450x309.jpg\" alt=\"bild1033\" width=\"450\" height=\"309\" srcset=\"https:\/\/www.gv-eddersheim.de\/wp-content\/uploads\/2009\/05\/bild1033-450x309.jpg 450w, https:\/\/www.gv-eddersheim.de\/wp-content\/uploads\/2009\/05\/bild1033.jpg 548w\" sizes=\"auto, (max-width: 450px) 100vw, 450px\" \/><\/p>\n<p>Beide Tanzgruppen sind seither ein fester Bestandteil der Fastnachtssitzungen. Bei den j\u00e4hrlichen Fastnachtsumz\u00fcgen in Fl\u00f6rsheim und Hattersheim, bei Vereinsfesten, Familienfesten und Veranstaltungen der Stadt Hattersheim sind sie nicht mehr wegzudenken.<\/p>\n<p>Im Jahre 1975 beschloss der aus nur noch wenigen S\u00e4ngern bestehende M\u00e4nnerchor, auch Frauen in den Gesangverein aufzunehmen, wodurch es seit dieser Zeit den \u201eGemischten Chor\u201c gibt.<\/p>\n<p><img loading=\"lazy\" decoding=\"async\" title=\"bild1005\" class=\"aligncenter size-medium wp-image-661\" src=\"http:\/\/www.gv-eddersheim.de\/wp-content\/uploads\/2009\/05\/bild1005-450x183.jpg\" alt=\"bild1005\" width=\"450\" height=\"183\" srcset=\"https:\/\/www.gv-eddersheim.de\/wp-content\/uploads\/2009\/05\/bild1005-450x183.jpg 450w, https:\/\/www.gv-eddersheim.de\/wp-content\/uploads\/2009\/05\/bild1005.jpg 690w\" sizes=\"auto, (max-width: 450px) 100vw, 450px\" \/><\/p>\n<p>Bei der \u201eK\u00fcmmeldrescher-Fastnachtssitzung\u201c im Jahre 1987 trat erstmals das von Ulrike K\u00f6rdel und Silvia Pflugradt gegr\u00fcndete M\u00e4nnerballett auf. Seit vielen Jahren wird das M\u00e4nnerballett, die \u201eCrazy Dancers\u201c, von Christine Gesang trainiert und nahm bereits an mehreren Wettstreiten f\u00fcr M\u00e4nnertanzgruppen teil.<\/p>\n<p><img loading=\"lazy\" decoding=\"async\" title=\"bild1031\" class=\"aligncenter size-medium wp-image-659\" src=\"http:\/\/www.gv-eddersheim.de\/wp-content\/uploads\/2009\/05\/bild1031-450x294.jpg\" alt=\"bild1031\" width=\"450\" height=\"294\" srcset=\"https:\/\/www.gv-eddersheim.de\/wp-content\/uploads\/2009\/05\/bild1031-450x294.jpg 450w, https:\/\/www.gv-eddersheim.de\/wp-content\/uploads\/2009\/05\/bild1031.jpg 502w\" sizes=\"auto, (max-width: 450px) 100vw, 450px\" \/><\/p>\n<p>Im April 1988 wurde das 125-j\u00e4hrige Bestehen des Vereins mit einem dreit\u00e4gigen S\u00e4ngerfest gefeiert. Begonnen wurde Freitagabend mit einem \u201eFrankfurter Abend\u201c an dem, neben den eigenen Gruppen, auch ein Bauchredner auftrat. International ging es am Samstag mit dem gemischten Chor von Sarcelles weiter. Mittags fand ein gro\u00dfes Kinderchorsingen statt und am Abend rundete ein unterhaltsames Programm den zweiten Festtag ab. Mit mehr als 10 Ch\u00f6ren begann sonntags ein S\u00e4ngerwettstreit, der nachmittags in ein Freundschaftssingen mit mehr als 20 Ch\u00f6ren \u00fcberging. Der anschlie\u00dfende Tanzabend schloss die dreit\u00e4gigen Jubil\u00e4umsfeierlichkeiten ab.<\/p>\n<p><img loading=\"lazy\" decoding=\"async\" title=\"28\" class=\"aligncenter size-medium wp-image-662\" src=\"http:\/\/www.gv-eddersheim.de\/wp-content\/uploads\/2009\/05\/28-450x297.jpg\" alt=\"28\" width=\"450\" height=\"297\" srcset=\"https:\/\/www.gv-eddersheim.de\/wp-content\/uploads\/2009\/05\/28-450x297.jpg 450w, https:\/\/www.gv-eddersheim.de\/wp-content\/uploads\/2009\/05\/28-1024x676.jpg 1024w, https:\/\/www.gv-eddersheim.de\/wp-content\/uploads\/2009\/05\/28.jpg 1460w\" sizes=\"auto, (max-width: 450px) 100vw, 450px\" \/><\/p>\n<p>1997 organisierte der Gesangverein erstmals einen \u00f6ffentlichen Musiktag, der bei Jung und Alt gro\u00dfen Anklang fand. Es folgten 1999 und 2001 noch zwei weitere Musiktage, an denen auch Musiker aus den Partnerst\u00e4dten Mosonmagyar\u00f2v\u00e0r (Ungarn) und Sarcelles (Frankreich) teilnahmen.<\/p>\n<p>Im Jahre 2000 wurde im Vorstand beschlossen, die zwei vorhandenen traditionellen Vereinsfahnen aus den Jahren 1913 und 1932 restaurieren bzw. konservieren zu lassen. Durch gro\u00dfz\u00fcgige Spenden konnten die hierf\u00fcr anfallenden Kosten f\u00fcr den Verein gering gehalten werden. Dem Publikum vorgestellt wurden diese Fahnen dann beim Musiktag <span style=\"color: #1b1c20;\">im September 2001.                                    Die mit einem Spezialverfahren konservierte <\/span>Fahne aus dem Jahr 1913 befindet sich nunmehr f\u00fcr interessierte B\u00fcrger sichtbar in einem Glaskasten im Begegnungshaus.<\/p>\n<p>Im Herbst 2002 schlossen sich unter der Leitung von Irma Schrader vier Frauen zu einer Spa\u00df Tanzgruppe \u2013 den<span style=\"color: #1b1c20;\">\u201eHoney Ladies\u201c \u2013 zusammen. Bis heute sorgt diese Gruppe <\/span>bei den j\u00e4hrlichen \u201eK\u00fcmmeldrescher-Fastnachtssitzungen\u201c f\u00fcr viel Applaus.<\/p>\n<p><img loading=\"lazy\" decoding=\"async\" title=\"bild1025\" class=\"aligncenter size-medium wp-image-663\" src=\"http:\/\/www.gv-eddersheim.de\/wp-content\/uploads\/2009\/05\/bild1025-450x325.jpg\" alt=\"bild1025\" width=\"450\" height=\"325\" srcset=\"https:\/\/www.gv-eddersheim.de\/wp-content\/uploads\/2009\/05\/bild1025-450x325.jpg 450w, https:\/\/www.gv-eddersheim.de\/wp-content\/uploads\/2009\/05\/bild1025.jpg 489w\" sizes=\"auto, (max-width: 450px) 100vw, 450px\" \/><\/p>\n<p>Im September 2002 \u00fcbernahm Renate Wolf von Heinz Hillebrand als erste Frau das Amt der 1. Vorsitzenden. Bereits im November pr\u00e4sentierte der Verein eine weitere Neuheit: das \u201eCaf\u00e9 Gem\u00fctlichkeit\u201c. Dabei wird den Besuchern bei Kaffee und Kuchen ein unterhaltsames Programm aus Gesang und Tanz geboten.<\/p>\n<p>Im Jahre 2003 feierte der Verein sein 140-j\u00e4hriges Jubil\u00e4um. Auftakt war im Februar die \u201eK\u00fcmmeldrescher-Sitzung\u201c, gefolgt von einem durch den Chor mitgestalteten \u00d6kumenischen Gottesdienst in der kath. Kirche und einem Jubil\u00e4ums- Fr\u00fchschoppen rund um den Pavillon. Da dieser \u201eMusikalische Fr\u00fchschoppen\u201c bei den Besuchern gro\u00dfen Anklang fand, findet er seitdem j\u00e4hrlich statt. Weiterhin wurden ein Freundschaftskonzert mit den Ch\u00f6ren aus Okriftel, Hattersheim, Weilbach und Diedenbergen, eine Akademische Feier und eine Jugenddisco sowie ein Bunter Abend veranstaltet. Der Abschluss des Jubeljahres fand mit einer Weihnachtsfeier unter Mitwirkung der Aktiven des Vereins sowie dem Hofheimer Akkordeonorchester statt.<\/p>\n<p><img loading=\"lazy\" decoding=\"async\" title=\"capture-20131013-200149\" class=\"aligncenter size-medium wp-image-664\" src=\"http:\/\/www.gv-eddersheim.de\/wp-content\/uploads\/2009\/05\/capture-20131013-200149-450x293.png\" alt=\"capture-20131013-200149\" width=\"450\" height=\"293\" srcset=\"https:\/\/www.gv-eddersheim.de\/wp-content\/uploads\/2009\/05\/capture-20131013-200149-450x293.png 450w, https:\/\/www.gv-eddersheim.de\/wp-content\/uploads\/2009\/05\/capture-20131013-200149.png 981w\" sizes=\"auto, (max-width: 450px) 100vw, 450px\" \/><\/p>\n<p>Nach langer Zeit wurde 2007 von Beate M\u00fcller wieder ein Kinderchor gegr\u00fcndet, der sich aufgrund der gro\u00dfen Nachfrage in zwei Ch\u00f6re unterteilt hat, den \u201eZwergenchor\u201c f\u00fcr die 3 \u2013 5 j\u00e4hrigen und das \u201eLiederkr\u00e4nzchen\u201c f\u00fcr die 6 \u2013 9 j\u00e4hrigen.<\/p>\n<p><img loading=\"lazy\" decoding=\"async\" title=\"bild1048\" class=\"aligncenter size-medium wp-image-665\" src=\"http:\/\/www.gv-eddersheim.de\/wp-content\/uploads\/2009\/05\/bild1048-450x331.jpg\" alt=\"bild1048\" width=\"450\" height=\"331\" srcset=\"https:\/\/www.gv-eddersheim.de\/wp-content\/uploads\/2009\/05\/bild1048-450x331.jpg 450w, https:\/\/www.gv-eddersheim.de\/wp-content\/uploads\/2009\/05\/bild1048.jpg 759w\" sizes=\"auto, (max-width: 450px) 100vw, 450px\" \/><\/p>\n<p>Das \u201eLiederkr\u00e4nzchen\u201c hatte inzwischen schon mehrere gro\u00dfe Auftritte: Im Januar 2008 und Februar 2009 bei \u201eABBA the Show\u201c in der Jahrhunderthalle H\u00f6chst, im Februar 2010 mit \u201eAndr\u00e8 Rieu\u201c in der Frankfurter Festhalle, im Juli 2011 im Stadion Mainz bei der Zeremonie zur Er\u00f6ffnung der Frauen-Fu\u00dfball-WM und im Dezember 2011 beim Auftritt der Kelly-Family mit ihrer Show \u201eStille Nacht\u201c in der Jahrhunderthalle H\u00f6chst.<\/p>\n<p><img loading=\"lazy\" decoding=\"async\" title=\"andre-0371\" class=\"aligncenter size-medium wp-image-666\" src=\"http:\/\/www.gv-eddersheim.de\/wp-content\/uploads\/2009\/05\/andre-0371-450x337.jpg\" alt=\"andre-0371\" width=\"450\" height=\"337\" srcset=\"https:\/\/www.gv-eddersheim.de\/wp-content\/uploads\/2009\/05\/andre-0371-450x337.jpg 450w, https:\/\/www.gv-eddersheim.de\/wp-content\/uploads\/2009\/05\/andre-0371.jpg 800w\" sizes=\"auto, (max-width: 450px) 100vw, 450px\" \/><\/p>\n<p>Seit September 2007 gibt es unter Leitung von Christine Gesang wieder eine Kindertanzgruppe im Verein. Die \u201eSweetie Stars\u201c bestehen aus knapp 20 M\u00e4dchen, die ihre Auftritte sowohl auf der \u201eK\u00fcmmeldrescher-Sitzung\u201c als auch auf st\u00e4dtischen Veranstaltungen haben.<\/p>\n<p><img loading=\"lazy\" decoding=\"async\" title=\"sweety-stars_0015\" class=\"aligncenter size-medium wp-image-668\" src=\"http:\/\/www.gv-eddersheim.de\/wp-content\/uploads\/2009\/05\/sweety-stars_0015-449x298.jpg\" alt=\"sweety-stars_0015\" width=\"449\" height=\"298\" srcset=\"https:\/\/www.gv-eddersheim.de\/wp-content\/uploads\/2009\/05\/sweety-stars_0015-449x298.jpg 449w, https:\/\/www.gv-eddersheim.de\/wp-content\/uploads\/2009\/05\/sweety-stars_0015.jpg 799w\" sizes=\"auto, (max-width: 449px) 100vw, 449px\" \/><\/p>\n<p>Im Januar 2008 \u00fcbernahm Holger Sch\u00fctz den \u201eGemischten Chor\u201c. Um f\u00fcr den Verein wieder j\u00fcngere S\u00e4ngerinnen und S\u00e4nger zu gewinnen, gr\u00fcndete er 2009 einen Projektchor, der sich mit Werken aus Pop, Swing und Gospel besch\u00e4ftigt. Inzwischen ist der Chor \u201eGospel4fun\u201c ein fester Bestandteil des Gesangvereins und trat bereits zum dritten Mal in der Adventszeit im Main-Taunus-Zentrum und in der Galluskirche in Fl\u00f6rsheim auf.<\/p>\n<p><img loading=\"lazy\" decoding=\"async\" title=\"gospel_chor-450x1591\" class=\"aligncenter size-full wp-image-667\" src=\"http:\/\/www.gv-eddersheim.de\/wp-content\/uploads\/2009\/05\/gospel_chor-450x1591.jpg\" alt=\"gospel_chor-450x1591\" width=\"450\" height=\"159\" \/><\/p>\n<p>Abgerundet wurde das Vereinsangebot 2008 mit dem von Holger Sch\u00fctz gegr\u00fcndeten Jugendchor \u201eFunky Voices\u201c, der inzwischen unter Leitung von Beate M\u00fcller schon an den Fastnachtssitzungen als auch bei verschiedenen Veranstaltungen mitwirkte.<\/p>\n<p><img loading=\"lazy\" decoding=\"async\" title=\"empfang-1312013-3041\" class=\"aligncenter size-medium wp-image-669\" src=\"http:\/\/www.gv-eddersheim.de\/wp-content\/uploads\/2009\/05\/empfang-1312013-3041-450x276.jpg\" alt=\"empfang-1312013-3041\" width=\"450\" height=\"276\" srcset=\"https:\/\/www.gv-eddersheim.de\/wp-content\/uploads\/2009\/05\/empfang-1312013-3041-450x276.jpg 450w, https:\/\/www.gv-eddersheim.de\/wp-content\/uploads\/2009\/05\/empfang-1312013-3041-1024x628.jpg 1024w, https:\/\/www.gv-eddersheim.de\/wp-content\/uploads\/2009\/05\/empfang-1312013-3041.jpg 1591w\" sizes=\"auto, (max-width: 450px) 100vw, 450px\" \/><\/p>\n<p>Um 2013 das 150-j\u00e4hrige Jubil\u00e4um geb\u00fchrend zu feiern hat sich ein Festausschuss zusammen gefunden, der f\u00fcr jeden Monat eine Veranstaltung geplant hat.<br \/>\nAuftakt war im Januar ein Neujahrsempfang, der durch Vertreter des \u00f6ffentlichen Lebens, Gratulanten und vereinseigene Gruppen mitgestaltet wurde.<br \/>\nNach dieser offiziellen Veranstaltung liefen die Vorbereitungen f\u00fcr die K\u00fcmmeldrescher-Fastnachtssitzung auf Hochtouren. Die ausschlie\u00dflich eigenen Akteure boten ein abwechslungsreiches und am\u00fcsantes Programm, nach dessen Ende noch bis sp\u00e4t in die Nacht weiter gefeiert wurde.<br \/>\nEine Woche sp\u00e4ter nahm der GV nach langer Zeit wieder als gro\u00dfe Fu\u00dfgruppe an den Hattersheimer und Fl\u00f6rsheimer Fastnachtsumz\u00fcgen teil.<\/p>\n<p><img loading=\"lazy\" decoding=\"async\" title=\"dscn5954\" class=\"aligncenter size-medium wp-image-670\" src=\"http:\/\/www.gv-eddersheim.de\/wp-content\/uploads\/2009\/05\/dscn5954-450x220.jpg\" alt=\"dscn5954\" width=\"450\" height=\"220\" srcset=\"https:\/\/www.gv-eddersheim.de\/wp-content\/uploads\/2009\/05\/dscn5954-450x220.jpg 450w, https:\/\/www.gv-eddersheim.de\/wp-content\/uploads\/2009\/05\/dscn5954-1023x502.jpg 1023w\" sizes=\"auto, (max-width: 450px) 100vw, 450px\" \/><\/p>\n<p>Erstmalig wurde im M\u00e4rz ein Ostereierbastel-Nachmittag f\u00fcr Kinder angeboten, bei dem es nicht an Interessenten mangelte.<br \/>\nEine ganz besondere Veranstaltung hatte sich der Festausschuss f\u00fcr den April ausgedacht. Bei Live Musik und Maibowle fand in den Eddersheimer B\u00fcrgerstuben ein \u201eTanz in den Mai\u201c statt.<br \/>\nAber auch der allj\u00e4hrliche \u201eMusikalische Fr\u00fchschoppen\u201c bekam seinen Platz im Kalender und wurde von allen Ch\u00f6ren und der Tanzgruppe \u201eSweetie Stars\u201c gestaltet.<\/p>\n<p><img loading=\"lazy\" decoding=\"async\" title=\"dsc08090\" class=\"aligncenter size-medium wp-image-671\" src=\"http:\/\/www.gv-eddersheim.de\/wp-content\/uploads\/2009\/05\/dsc08090-450x298.jpg\" alt=\"dsc08090\" width=\"450\" height=\"298\" srcset=\"https:\/\/www.gv-eddersheim.de\/wp-content\/uploads\/2009\/05\/dsc08090-450x298.jpg 450w, https:\/\/www.gv-eddersheim.de\/wp-content\/uploads\/2009\/05\/dsc08090.jpg 720w\" sizes=\"auto, (max-width: 450px) 100vw, 450px\" \/><\/p>\n<p>Zusammen mit der TSG Eddersheim, die in diesem Jahr ihr 125-j\u00e4hriges Jubil\u00e4um feiert, fand im Juni ein \u00f6kumenischer Gottesdienst zum Gedenken an die verstorbenen Mitglieder beider Vereine statt.<br \/>\nIm September wurde ein Freundschaftskonzert mit den Ch\u00f6ren aus Hattersheim und Okriftel<br \/>\nveranstaltet, bei dem in lockerer Atmosph\u00e4re dem gemeinsamen Hobby nachgegangen wurde.<br \/>\nEin Highlight des Jubil\u00e4umsjahres war das z\u00fcnftige Oktoberfest mit Live Musik und Dirndl- bzw. Lederhosen-Pr\u00e4mierung.<\/p>\n<p><img loading=\"lazy\" decoding=\"async\" title=\"dsc07896\" class=\"aligncenter size-medium wp-image-672\" src=\"http:\/\/www.gv-eddersheim.de\/wp-content\/uploads\/2009\/05\/dsc07896-450x300.jpg\" alt=\"dsc07896\" width=\"450\" height=\"300\" srcset=\"https:\/\/www.gv-eddersheim.de\/wp-content\/uploads\/2009\/05\/dsc07896-450x300.jpg 450w, https:\/\/www.gv-eddersheim.de\/wp-content\/uploads\/2009\/05\/dsc07896.jpg 720w\" sizes=\"auto, (max-width: 450px) 100vw, 450px\" \/><\/p>\n<p>Im November fand unter Mitwirken der einzelnen Gesangs- und Tanzgruppen das allj\u00e4hrliche Caf\u00e9 Gem\u00fctlichkeit statt, bei dem die Besucher mit Kaffee und selbstgebackenem Kuchen verw\u00f6hnt wurden und langj\u00e4hrige Mitglieder f\u00fcr ihre Vereinstreue geehrt wurden.<br \/>\nMit einem Jubil\u00e4umskonzert schloss das Festjahr zum 150-j\u00e4hrigen Bestehen ab.<\/p>\n<p>Bei der Mitgliederversammlung, im M\u00e4rz 2015, gab Renate Wolf, nach mehr als 12 Jahren, ihr Amt als 1. Vorsitzende an Harry Bartels ab.<\/p>\n","protected":false},"excerpt":{"rendered":"<p>Ein Verein mit langer Tradition Am 17. Februar 1863 kamen sieben M\u00e4nner (Adam Rendel, Lorenz Jakob Jost, Georg Hebauf, Jakob Wagner, Melchior Grob, Johann Jost und Andreas Wenzel) zusammen und beschlossen, unter Leitung des Lehrers Jung den Gesangverein \u201eLiederkranz\u201c zu gr\u00fcnden. Mit Adam Rendel als 1. Vorsitzenden machten sie sich, durch ausgew\u00e4hlte Chor\u00e4le, die Versch\u00f6nerung [&hellip;]<\/p>\n","protected":false},"author":2,"featured_media":0,"parent":54,"menu_order":4,"comment_status":"closed","ping_status":"closed","template":"","meta":{"footnotes":""},"class_list":["post-72","page","type-page","status-publish","hentry"],"_links":{"self":[{"href":"https:\/\/www.gv-eddersheim.de\/index.php?rest_route=\/wp\/v2\/pages\/72","targetHints":{"allow":["GET"]}}],"collection":[{"href":"https:\/\/www.gv-eddersheim.de\/index.php?rest_route=\/wp\/v2\/pages"}],"about":[{"href":"https:\/\/www.gv-eddersheim.de\/index.php?rest_route=\/wp\/v2\/types\/page"}],"author":[{"embeddable":true,"href":"https:\/\/www.gv-eddersheim.de\/index.php?rest_route=\/wp\/v2\/users\/2"}],"replies":[{"embeddable":true,"href":"https:\/\/www.gv-eddersheim.de\/index.php?rest_route=%2Fwp%2Fv2%2Fcomments&post=72"}],"version-history":[{"count":19,"href":"https:\/\/www.gv-eddersheim.de\/index.php?rest_route=\/wp\/v2\/pages\/72\/revisions"}],"predecessor-version":[{"id":1157,"href":"https:\/\/www.gv-eddersheim.de\/index.php?rest_route=\/wp\/v2\/pages\/72\/revisions\/1157"}],"up":[{"embeddable":true,"href":"https:\/\/www.gv-eddersheim.de\/index.php?rest_route=\/wp\/v2\/pages\/54"}],"wp:attachment":[{"href":"https:\/\/www.gv-eddersheim.de\/index.php?rest_route=%2Fwp%2Fv2%2Fmedia&parent=72"}],"curies":[{"name":"wp","href":"https:\/\/api.w.org\/{rel}","templated":true}]}}