{"id":7,"date":"2009-05-29T23:24:20","date_gmt":"2009-05-29T21:24:20","guid":{"rendered":"http:\/\/www.gv-eddersheim.de\/web\/?page_id=7"},"modified":"2024-02-16T09:52:05","modified_gmt":"2024-02-16T08:52:05","slug":"kinderchor","status":"publish","type":"page","link":"https:\/\/www.gv-eddersheim.de\/?page_id=7","title":{"rendered":"Kinder- und Jugendchor"},"content":{"rendered":"<p>Der\u00a0 Gesangverein hat zurzeit einen Kinderchor, den das &#8222;<strong>Liederkr\u00e4nzchen<\/strong>&#8220; .<\/p>\n<p>Im Liederkr\u00e4nzchen werden Kinder von 5 &#8211; 10 Jahren traditionelle und moderne Kinderlieder singen.<\/p>\n<p>Neben vielen kleineren\u00a0 Auftritten anl\u00e4sslich verschiedener Festlichkeiten in der Gemeinde und beim j\u00e4hrlichen\u00a0 Weihnachtskonzert in der katholischen Kirche hatte das Liederkr\u00e4nzchen bereits zwei Auftritte bei &#8222;Abba &#8211; The Show&#8220; (2008 und 2009) in der Jahrhunderthalle in H\u00f6chst, und zusammen mit\u00a0 den Funky\u00a0 Voices begleiteten sie\u00a0 ein Lied in der Andr\u00e9 Rieu-Show (2010) in\u00a0 der Frankfurter Festhalle.<br \/>\nIm Jahr 2011 haben die Funky Voices &#8211; gemeinsam mit dem Schulchor der Hattersheimer Heinrich-B\u00f6ll-Schule &#8211; zusammen mit der S\u00e4ngerin\u00a0 Mart\u00e1 den offiziellen Song der deutschen Fu\u00dfballfrauen performt und anl\u00e4sslich\u00a0 des Spieles Deutschland-Norwegen im Mainzer Stadion am Bruchweg erstmals der \u00d6ffentlichkeit vorgestellt.<\/p>\n<p>Termine:<\/p>\n<ul>\n<li><strong>Liederkr\u00e4nzchen <\/strong>(5 &#8211; 10 Jahre): donnerstags von 17:00 bis 18:00 Uhr<\/li>\n<\/ul>\n","protected":false},"excerpt":{"rendered":"<p>Der\u00a0 Gesangverein hat zurzeit einen Kinderchor, den das &#8222;Liederkr\u00e4nzchen&#8220; . Im Liederkr\u00e4nzchen werden Kinder von 5 &#8211; 10 Jahren traditionelle und moderne Kinderlieder singen. Neben vielen kleineren\u00a0 Auftritten anl\u00e4sslich verschiedener Festlichkeiten in der Gemeinde und beim j\u00e4hrlichen\u00a0 Weihnachtskonzert in der katholischen Kirche hatte das Liederkr\u00e4nzchen bereits zwei Auftritte bei &#8222;Abba &#8211; The Show&#8220; (2008 und [&hellip;]<\/p>\n","protected":false},"author":2,"featured_media":0,"parent":0,"menu_order":4,"comment_status":"closed","ping_status":"closed","template":"","meta":{"footnotes":""},"class_list":["post-7","page","type-page","status-publish","hentry"],"_links":{"self":[{"href":"https:\/\/www.gv-eddersheim.de\/index.php?rest_route=\/wp\/v2\/pages\/7","targetHints":{"allow":["GET"]}}],"collection":[{"href":"https:\/\/www.gv-eddersheim.de\/index.php?rest_route=\/wp\/v2\/pages"}],"about":[{"href":"https:\/\/www.gv-eddersheim.de\/index.php?rest_route=\/wp\/v2\/types\/page"}],"author":[{"embeddable":true,"href":"https:\/\/www.gv-eddersheim.de\/index.php?rest_route=\/wp\/v2\/users\/2"}],"replies":[{"embeddable":true,"href":"https:\/\/www.gv-eddersheim.de\/index.php?rest_route=%2Fwp%2Fv2%2Fcomments&post=7"}],"version-history":[{"count":24,"href":"https:\/\/www.gv-eddersheim.de\/index.php?rest_route=\/wp\/v2\/pages\/7\/revisions"}],"predecessor-version":[{"id":1146,"href":"https:\/\/www.gv-eddersheim.de\/index.php?rest_route=\/wp\/v2\/pages\/7\/revisions\/1146"}],"wp:attachment":[{"href":"https:\/\/www.gv-eddersheim.de\/index.php?rest_route=%2Fwp%2Fv2%2Fmedia&parent=7"}],"curies":[{"name":"wp","href":"https:\/\/api.w.org\/{rel}","templated":true}]}}