{"id":20,"date":"2009-05-29T23:48:25","date_gmt":"2009-05-29T21:48:25","guid":{"rendered":"http:\/\/www.gv-eddersheim.de\/web\/?page_id=20"},"modified":"2025-11-17T10:37:29","modified_gmt":"2025-11-17T09:37:29","slug":"kummeldrescher","status":"publish","type":"page","link":"https:\/\/www.gv-eddersheim.de\/?page_id=20","title":{"rendered":"K\u00fcmmeldrescher"},"content":{"rendered":"<p>Hallo liebe Freunde der K\u00fcmmeldrescher Fastnacht.<\/p>\n<p>Wir freuen uns euch <strong>2026<\/strong>\u00a0auf unserer B\u00fchne wider zusehen daher bleibt gesund und besonnen.<\/p>\n<p>Die traditionelle und \u00fcber die Ortsgrenzen hinaus bekannte \u201e<strong>K\u00fcmmeldrescher-Sitzung<\/strong>\u201c begeistert seit fast 50 Jahren ihre Fans.<\/p>\n<p>Nach Beendigung des Krieges nahm der damalige M\u00e4nnerchor seine w\u00f6chentlichen Singstunden wieder auf. Jeweils zur\u00a0 Fastnachtszeit luden deren Ehefrauen zum \u201eKreppelkaffee\u201c ein, woraus dann in den 60er Jahren \u00f6ffentliche \u201eN\u00e4rrische Singstunden\u201c wurden. Unter Hubert Scho\u00dfland, der die Kappensitzungen als Sitzungspr\u00e4sident bis 1992 leitete, wurde schlie\u00dflich der erste Elferrat gebildet und der Name \u201eK\u00fcmmeldrescher\u201c aus der Taufe gehoben.<\/p>\n<p>Obwohl es sich bei unserem Verein um einen \u201eGesangverein\u201c handelt, wird diese Fastnachtssitzung ausschlie\u00dflich von Mitgliedern des Vereins gestaltet. Dabei ist die j\u00e4hrliche Taufe verdienter Mitglieder und Personen des \u00f6ffentlichen und Vereinslebens zum \u201eK\u00fcmmeldrescher-\u201e bzw. \u201eEhrenk\u00fcmmeldrescher\u201c ein Highlight unserer Veranstaltung.<\/p>\n<p>Nach 21 humorvoll geleiteten\u00a0Kampagnen gab Heinz Hillebrand 2014 seit Amt als Sitzungspr\u00e4sident an Birgit Bartels und Christine Gesang ab.<\/p>\n\n\t\t<style type=\"text\/css\">\n\t\t\t#gallery-1 {\n\t\t\t\tmargin: auto;\n\t\t\t}\n\t\t\t#gallery-1 .gallery-item {\n\t\t\t\tfloat: left;\n\t\t\t\tmargin-top: 10px;\n\t\t\t\ttext-align: center;\n\t\t\t\twidth: 33%;\n\t\t\t}\n\t\t\t#gallery-1 img {\n\t\t\t\tborder: 2px solid #cfcfcf;\n\t\t\t}\n\t\t\t#gallery-1 .gallery-caption {\n\t\t\t\tmargin-left: 0;\n\t\t\t}\n\t\t\t\/* see gallery_shortcode() in wp-includes\/media.php *\/\n\t\t<\/style>\n\t\t<div id='gallery-1' class='gallery galleryid-20 gallery-columns-3 gallery-size-thumbnail'><dl class='gallery-item'>\n\t\t\t<dt class='gallery-icon portrait'>\n\t\t\t\t<a href='https:\/\/www.gv-eddersheim.de\/?attachment_id=1124'><img loading=\"lazy\" decoding=\"async\" width=\"150\" height=\"150\" src=\"https:\/\/www.gv-eddersheim.de\/wp-content\/uploads\/2022\/12\/Screenshot_20221125_214406-150x150.jpg\" class=\"attachment-thumbnail size-thumbnail\" alt=\"\" \/><\/a>\n\t\t\t<\/dt><\/dl><dl class='gallery-item'>\n\t\t\t<dt class='gallery-icon landscape'>\n\t\t\t\t<a href='https:\/\/www.gv-eddersheim.de\/?attachment_id=826'><img loading=\"lazy\" decoding=\"async\" width=\"150\" height=\"150\" src=\"https:\/\/www.gv-eddersheim.de\/wp-content\/uploads\/2009\/05\/dsc09104-150x150.jpg\" class=\"attachment-thumbnail size-thumbnail\" alt=\"\" \/><\/a>\n\t\t\t<\/dt><\/dl><dl class='gallery-item'>\n\t\t\t<dt class='gallery-icon landscape'>\n\t\t\t\t<a href='https:\/\/www.gv-eddersheim.de\/?attachment_id=827'><img loading=\"lazy\" decoding=\"async\" width=\"150\" height=\"150\" src=\"https:\/\/www.gv-eddersheim.de\/wp-content\/uploads\/2009\/05\/dsc09111-150x150.jpg\" class=\"attachment-thumbnail size-thumbnail\" alt=\"\" \/><\/a>\n\t\t\t<\/dt><\/dl><br style=\"clear: both\" \/><dl class='gallery-item'>\n\t\t\t<dt class='gallery-icon landscape'>\n\t\t\t\t<a href='https:\/\/www.gv-eddersheim.de\/?attachment_id=828'><img loading=\"lazy\" decoding=\"async\" width=\"150\" height=\"150\" src=\"https:\/\/www.gv-eddersheim.de\/wp-content\/uploads\/2009\/05\/dsc09113-150x150.jpg\" class=\"attachment-thumbnail size-thumbnail\" alt=\"\" \/><\/a>\n\t\t\t<\/dt><\/dl><dl class='gallery-item'>\n\t\t\t<dt class='gallery-icon landscape'>\n\t\t\t\t<a href='https:\/\/www.gv-eddersheim.de\/?attachment_id=829'><img loading=\"lazy\" decoding=\"async\" width=\"150\" height=\"150\" src=\"https:\/\/www.gv-eddersheim.de\/wp-content\/uploads\/2009\/05\/dsc09116-150x150.jpg\" class=\"attachment-thumbnail size-thumbnail\" alt=\"\" \/><\/a>\n\t\t\t<\/dt><\/dl><dl class='gallery-item'>\n\t\t\t<dt class='gallery-icon landscape'>\n\t\t\t\t<a href='https:\/\/www.gv-eddersheim.de\/?attachment_id=830'><img loading=\"lazy\" decoding=\"async\" width=\"150\" height=\"150\" src=\"https:\/\/www.gv-eddersheim.de\/wp-content\/uploads\/2009\/05\/dsc09119-150x150.jpg\" class=\"attachment-thumbnail size-thumbnail\" alt=\"\" \/><\/a>\n\t\t\t<\/dt><\/dl><br style=\"clear: both\" \/><dl class='gallery-item'>\n\t\t\t<dt class='gallery-icon landscape'>\n\t\t\t\t<a href='https:\/\/www.gv-eddersheim.de\/?attachment_id=831'><img loading=\"lazy\" decoding=\"async\" width=\"150\" height=\"150\" src=\"https:\/\/www.gv-eddersheim.de\/wp-content\/uploads\/2009\/05\/dsc09125-150x150.jpg\" class=\"attachment-thumbnail size-thumbnail\" alt=\"\" \/><\/a>\n\t\t\t<\/dt><\/dl><dl class='gallery-item'>\n\t\t\t<dt class='gallery-icon landscape'>\n\t\t\t\t<a href='https:\/\/www.gv-eddersheim.de\/?attachment_id=832'><img loading=\"lazy\" decoding=\"async\" width=\"150\" height=\"150\" src=\"https:\/\/www.gv-eddersheim.de\/wp-content\/uploads\/2009\/05\/dsc09126-150x150.jpg\" class=\"attachment-thumbnail size-thumbnail\" alt=\"\" \/><\/a>\n\t\t\t<\/dt><\/dl><dl class='gallery-item'>\n\t\t\t<dt class='gallery-icon landscape'>\n\t\t\t\t<a href='https:\/\/www.gv-eddersheim.de\/?attachment_id=833'><img loading=\"lazy\" decoding=\"async\" width=\"150\" height=\"150\" src=\"https:\/\/www.gv-eddersheim.de\/wp-content\/uploads\/2009\/05\/dsc09136-150x150.jpg\" class=\"attachment-thumbnail size-thumbnail\" alt=\"\" \/><\/a>\n\t\t\t<\/dt><\/dl><br style=\"clear: both\" \/><dl class='gallery-item'>\n\t\t\t<dt class='gallery-icon landscape'>\n\t\t\t\t<a href='https:\/\/www.gv-eddersheim.de\/?attachment_id=846'><img loading=\"lazy\" decoding=\"async\" width=\"150\" height=\"150\" src=\"https:\/\/www.gv-eddersheim.de\/wp-content\/uploads\/2009\/05\/dsc09235-150x150.jpg\" class=\"attachment-thumbnail size-thumbnail\" alt=\"\" \/><\/a>\n\t\t\t<\/dt><\/dl><dl class='gallery-item'>\n\t\t\t<dt class='gallery-icon landscape'>\n\t\t\t\t<a href='https:\/\/www.gv-eddersheim.de\/?attachment_id=834'><img loading=\"lazy\" decoding=\"async\" width=\"150\" height=\"150\" src=\"https:\/\/www.gv-eddersheim.de\/wp-content\/uploads\/2009\/05\/dsc09144-150x150.jpg\" class=\"attachment-thumbnail size-thumbnail\" alt=\"\" \/><\/a>\n\t\t\t<\/dt><\/dl><dl class='gallery-item'>\n\t\t\t<dt class='gallery-icon landscape'>\n\t\t\t\t<a href='https:\/\/www.gv-eddersheim.de\/?attachment_id=835'><img loading=\"lazy\" decoding=\"async\" width=\"150\" height=\"150\" src=\"https:\/\/www.gv-eddersheim.de\/wp-content\/uploads\/2009\/05\/dsc09148-150x150.jpg\" class=\"attachment-thumbnail size-thumbnail\" alt=\"\" \/><\/a>\n\t\t\t<\/dt><\/dl><br style=\"clear: both\" \/><dl class='gallery-item'>\n\t\t\t<dt class='gallery-icon landscape'>\n\t\t\t\t<a href='https:\/\/www.gv-eddersheim.de\/?attachment_id=836'><img loading=\"lazy\" decoding=\"async\" width=\"150\" height=\"150\" src=\"https:\/\/www.gv-eddersheim.de\/wp-content\/uploads\/2009\/05\/dsc09150-150x150.jpg\" class=\"attachment-thumbnail size-thumbnail\" alt=\"\" \/><\/a>\n\t\t\t<\/dt><\/dl><dl class='gallery-item'>\n\t\t\t<dt class='gallery-icon landscape'>\n\t\t\t\t<a href='https:\/\/www.gv-eddersheim.de\/?attachment_id=837'><img loading=\"lazy\" decoding=\"async\" width=\"150\" height=\"150\" src=\"https:\/\/www.gv-eddersheim.de\/wp-content\/uploads\/2009\/05\/dsc09163-150x150.jpg\" class=\"attachment-thumbnail size-thumbnail\" alt=\"\" \/><\/a>\n\t\t\t<\/dt><\/dl><dl class='gallery-item'>\n\t\t\t<dt class='gallery-icon landscape'>\n\t\t\t\t<a href='https:\/\/www.gv-eddersheim.de\/?attachment_id=838'><img loading=\"lazy\" decoding=\"async\" width=\"150\" height=\"150\" src=\"https:\/\/www.gv-eddersheim.de\/wp-content\/uploads\/2009\/05\/dsc09164-150x150.jpg\" class=\"attachment-thumbnail size-thumbnail\" alt=\"\" \/><\/a>\n\t\t\t<\/dt><\/dl><br style=\"clear: both\" \/><dl class='gallery-item'>\n\t\t\t<dt class='gallery-icon landscape'>\n\t\t\t\t<a href='https:\/\/www.gv-eddersheim.de\/?attachment_id=839'><img loading=\"lazy\" decoding=\"async\" width=\"150\" height=\"150\" src=\"https:\/\/www.gv-eddersheim.de\/wp-content\/uploads\/2009\/05\/dsc09169-150x150.jpg\" class=\"attachment-thumbnail size-thumbnail\" alt=\"\" \/><\/a>\n\t\t\t<\/dt><\/dl><dl class='gallery-item'>\n\t\t\t<dt class='gallery-icon landscape'>\n\t\t\t\t<a href='https:\/\/www.gv-eddersheim.de\/?attachment_id=840'><img loading=\"lazy\" decoding=\"async\" width=\"150\" height=\"150\" src=\"https:\/\/www.gv-eddersheim.de\/wp-content\/uploads\/2009\/05\/dsc09187-150x150.jpg\" class=\"attachment-thumbnail size-thumbnail\" alt=\"\" \/><\/a>\n\t\t\t<\/dt><\/dl><dl class='gallery-item'>\n\t\t\t<dt class='gallery-icon landscape'>\n\t\t\t\t<a href='https:\/\/www.gv-eddersheim.de\/?attachment_id=841'><img loading=\"lazy\" decoding=\"async\" width=\"150\" height=\"150\" src=\"https:\/\/www.gv-eddersheim.de\/wp-content\/uploads\/2009\/05\/dsc09188-150x150.jpg\" class=\"attachment-thumbnail size-thumbnail\" alt=\"\" \/><\/a>\n\t\t\t<\/dt><\/dl><br style=\"clear: both\" \/><dl class='gallery-item'>\n\t\t\t<dt class='gallery-icon landscape'>\n\t\t\t\t<a href='https:\/\/www.gv-eddersheim.de\/?attachment_id=842'><img loading=\"lazy\" decoding=\"async\" width=\"150\" height=\"150\" src=\"https:\/\/www.gv-eddersheim.de\/wp-content\/uploads\/2009\/05\/dsc09202-150x150.jpg\" class=\"attachment-thumbnail size-thumbnail\" alt=\"\" \/><\/a>\n\t\t\t<\/dt><\/dl><dl class='gallery-item'>\n\t\t\t<dt class='gallery-icon landscape'>\n\t\t\t\t<a href='https:\/\/www.gv-eddersheim.de\/?attachment_id=843'><img loading=\"lazy\" decoding=\"async\" width=\"150\" height=\"150\" src=\"https:\/\/www.gv-eddersheim.de\/wp-content\/uploads\/2009\/05\/dsc09203-150x150.jpg\" class=\"attachment-thumbnail size-thumbnail\" alt=\"\" \/><\/a>\n\t\t\t<\/dt><\/dl><dl class='gallery-item'>\n\t\t\t<dt class='gallery-icon landscape'>\n\t\t\t\t<a href='https:\/\/www.gv-eddersheim.de\/?attachment_id=844'><img loading=\"lazy\" decoding=\"async\" width=\"150\" height=\"150\" src=\"https:\/\/www.gv-eddersheim.de\/wp-content\/uploads\/2009\/05\/dsc09211-150x150.jpg\" class=\"attachment-thumbnail size-thumbnail\" alt=\"\" \/><\/a>\n\t\t\t<\/dt><\/dl><br style=\"clear: both\" \/><dl class='gallery-item'>\n\t\t\t<dt class='gallery-icon landscape'>\n\t\t\t\t<a href='https:\/\/www.gv-eddersheim.de\/?attachment_id=845'><img loading=\"lazy\" decoding=\"async\" width=\"150\" height=\"150\" src=\"https:\/\/www.gv-eddersheim.de\/wp-content\/uploads\/2009\/05\/dsc09212-150x150.jpg\" class=\"attachment-thumbnail size-thumbnail\" alt=\"\" \/><\/a>\n\t\t\t<\/dt><\/dl>\n\t\t\t<br style='clear: both' \/>\n\t\t<\/div>\n\n","protected":false},"excerpt":{"rendered":"<p>Hallo liebe Freunde der K\u00fcmmeldrescher Fastnacht. Wir freuen uns euch 2026\u00a0auf unserer B\u00fchne wider zusehen daher bleibt gesund und besonnen. Die traditionelle und \u00fcber die Ortsgrenzen hinaus bekannte \u201eK\u00fcmmeldrescher-Sitzung\u201c begeistert seit fast 50 Jahren ihre Fans. Nach Beendigung des Krieges nahm der damalige M\u00e4nnerchor seine w\u00f6chentlichen Singstunden wieder auf. Jeweils zur\u00a0 Fastnachtszeit luden deren Ehefrauen [&hellip;]<\/p>\n","protected":false},"author":2,"featured_media":0,"parent":0,"menu_order":4,"comment_status":"closed","ping_status":"closed","template":"","meta":{"footnotes":""},"class_list":["post-20","page","type-page","status-publish","hentry"],"_links":{"self":[{"href":"https:\/\/www.gv-eddersheim.de\/index.php?rest_route=\/wp\/v2\/pages\/20","targetHints":{"allow":["GET"]}}],"collection":[{"href":"https:\/\/www.gv-eddersheim.de\/index.php?rest_route=\/wp\/v2\/pages"}],"about":[{"href":"https:\/\/www.gv-eddersheim.de\/index.php?rest_route=\/wp\/v2\/types\/page"}],"author":[{"embeddable":true,"href":"https:\/\/www.gv-eddersheim.de\/index.php?rest_route=\/wp\/v2\/users\/2"}],"replies":[{"embeddable":true,"href":"https:\/\/www.gv-eddersheim.de\/index.php?rest_route=%2Fwp%2Fv2%2Fcomments&post=20"}],"version-history":[{"count":41,"href":"https:\/\/www.gv-eddersheim.de\/index.php?rest_route=\/wp\/v2\/pages\/20\/revisions"}],"predecessor-version":[{"id":1169,"href":"https:\/\/www.gv-eddersheim.de\/index.php?rest_route=\/wp\/v2\/pages\/20\/revisions\/1169"}],"wp:attachment":[{"href":"https:\/\/www.gv-eddersheim.de\/index.php?rest_route=%2Fwp%2Fv2%2Fmedia&parent=20"}],"curies":[{"name":"wp","href":"https:\/\/api.w.org\/{rel}","templated":true}]}}