{"id":1147,"date":"2024-02-16T10:01:52","date_gmt":"2024-02-16T09:01:52","guid":{"rendered":"http:\/\/www.gv-eddersheim.de\/?page_id=1147"},"modified":"2025-10-08T11:54:20","modified_gmt":"2025-10-08T09:54:20","slug":"mainchor","status":"publish","type":"page","link":"https:\/\/www.gv-eddersheim.de\/?page_id=1147","title":{"rendered":"MainChor"},"content":{"rendered":"\n<p>Wer sind wir ? Wir sind ein gemischter Chor mit 16 S\u00e4ngerinnen und S\u00e4ngern. Wir sind eine nach allen Seiten offene Gemeinschaft und pflegen au\u00dfer dem Chorgesang auch andere Geselligkeiten wie unsere &#8222;Faschingssitzung der K\u00fcmmeldrescher&#8220; und einige Tanzgruppen.<br>Die Liedauswahl wurde in letzter Zeit um Schlager, Musicals&nbsp;und&nbsp;Operetten erweitert, um den Chorgesang attraktiver zu machen. Vergessen wird dabei nicht, das \u00e4ltere Liedgut, das f\u00fcr traditionelle Auftritte notwendig ist.<br>Neben dem Singen wird das gesellige Beisammensein gro\u00df geschrieben. Hierzu geh\u00f6rt auch das monatliche Treffen nach der Singstunde. Die j\u00e4hrlichen Festivit\u00e4ten wie z. B. das Fischerfest, der Fr\u00fchschoppen&nbsp; und andere Events werden in Eigenregie von den aktiven Chormitgliedern mit gro\u00dfem Eifer geplant und veranstaltet.<\/p>\n\n\n\n<p>Der MainChor steht unter der Leitung von Sabine Theobald. Unsere Chorprobe findt statt : Mittwochs 20.00 &#8211; 21.30 Uhr im Begegnungshaus Eddersheim <strong>??? <em>Interesse<\/em> \u00a0???<\/strong> &#8211; einfach mal vorbeischauen, anrufen oder mailen: Hary Bartels, \u00a0Tel. 06145 \/ 31003\u00a0 Email: kontakt (at) gv-eddersheim.de<\/p>\n\n\n\n<p><\/p>\n","protected":false},"excerpt":{"rendered":"<p>Wer sind wir ? Wir sind ein gemischter Chor mit 16 S\u00e4ngerinnen und S\u00e4ngern. Wir sind eine nach allen Seiten offene Gemeinschaft und pflegen au\u00dfer dem Chorgesang auch andere Geselligkeiten wie unsere &#8222;Faschingssitzung der K\u00fcmmeldrescher&#8220; und einige Tanzgruppen.Die Liedauswahl wurde in letzter Zeit um Schlager, Musicals&nbsp;und&nbsp;Operetten erweitert, um den Chorgesang attraktiver zu machen. Vergessen wird [&hellip;]<\/p>\n","protected":false},"author":1,"featured_media":0,"parent":0,"menu_order":0,"comment_status":"closed","ping_status":"closed","template":"","meta":{"footnotes":""},"class_list":["post-1147","page","type-page","status-publish","hentry"],"_links":{"self":[{"href":"https:\/\/www.gv-eddersheim.de\/index.php?rest_route=\/wp\/v2\/pages\/1147","targetHints":{"allow":["GET"]}}],"collection":[{"href":"https:\/\/www.gv-eddersheim.de\/index.php?rest_route=\/wp\/v2\/pages"}],"about":[{"href":"https:\/\/www.gv-eddersheim.de\/index.php?rest_route=\/wp\/v2\/types\/page"}],"author":[{"embeddable":true,"href":"https:\/\/www.gv-eddersheim.de\/index.php?rest_route=\/wp\/v2\/users\/1"}],"replies":[{"embeddable":true,"href":"https:\/\/www.gv-eddersheim.de\/index.php?rest_route=%2Fwp%2Fv2%2Fcomments&post=1147"}],"version-history":[{"count":2,"href":"https:\/\/www.gv-eddersheim.de\/index.php?rest_route=\/wp\/v2\/pages\/1147\/revisions"}],"predecessor-version":[{"id":1166,"href":"https:\/\/www.gv-eddersheim.de\/index.php?rest_route=\/wp\/v2\/pages\/1147\/revisions\/1166"}],"wp:attachment":[{"href":"https:\/\/www.gv-eddersheim.de\/index.php?rest_route=%2Fwp%2Fv2%2Fmedia&parent=1147"}],"curies":[{"name":"wp","href":"https:\/\/api.w.org\/{rel}","templated":true}]}}