{"id":106,"date":"2009-05-30T01:52:09","date_gmt":"2009-05-29T23:52:09","guid":{"rendered":"http:\/\/www.gv-eddersheim.de\/web\/?page_id=106"},"modified":"2009-05-30T01:52:17","modified_gmt":"2009-05-29T23:52:17","slug":"konservierung","status":"publish","type":"page","link":"https:\/\/www.gv-eddersheim.de\/?page_id=106","title":{"rendered":"Konservierung"},"content":{"rendered":"<p style=\"text-align: justify;\">Vereinsfahne 1863-1913 des Gesangverein Liederkranz-Eintracht Eddersheim am Main e. V.<\/p>\n<p style=\"text-align: justify;\"><strong>Ablauf der Konservierung<\/strong><\/p>\n<p style=\"text-align: justify;\">Nach der Fotodokumentation und Beschreibung wurde die Fahne demontiert. Fransen, Borten\u00a0und nachtr\u00e4glich aufgen\u00e4hte Ringe wurden abgetrennt.<\/p>\n<p style=\"text-align: justify;\">Nicht einmal durch das Auftrennen konnte das erw\u00fcnschte Ebnen der Seiden- und Samtfl\u00e4che\u00a0erzielt werden, weil beide Textilien mit festem Unterlagengewebe versehen sind. Durch die\u00a0Stickereien hat sich das Gewebe zusammengezogen. Das vollkommene Ebnen der beiden\u00a0Seiten ist also unm\u00f6glich.<\/p>\n<p style=\"text-align: justify;\">Staub und andere Schmutzstoffe wurden von Vorder- und R\u00fcckseite der jeweiligen\u00a0Fahnenteile \u00fcber ein Schutznetz abgesaugt und zur Reinigung der gr\u00f6\u00dferen Flecken wurden\u00a0Tampons verwendet. Die Fransen und Borten wurden im destillierten Wasser gereinigt.\u00a0Die besch\u00e4digte Fl\u00e4che des Seidengewebes wurde mit Seidenkrepeline, das in einem\u00a0verwandten Farbton eingef\u00e4rbt wurde, skelettiert.<\/p>\n<p style=\"text-align: justify;\">Gelockerte F\u00e4den der Seiten-, Baumwoll- und Metallstickereien wurden mit Nahtstichen zur\u00a0Unterlage fixiert. Die Fransen und Borten wurden an den schadhaften Stellen mit PES-Faden\u00a0gen\u00e4ht. Auf der blauen Seite wurde das Motiv mit dem TETEX-Schutznetz abgedeckt und am Rand\u00a0aufgen\u00e4ht. Die cremefarbene Seite wurde komplett mit dem TETEX-Schutznetz versehen.<\/p>\n<p style=\"text-align: justify;\">Beide Seiten wurden zusammengen\u00e4ht und am Rand mit der Metallborte und den Fransen\u00a0ums\u00e4umt.\u00a0Die Fotodokumentation zeigt den Zustand der Fahne im Ablauf und nach der Konservierung.\u00a0Empfohlene Schutzanweisung:\u00a0Die Fahne vor UV-Strahlung, Insektenbefall, mechanischen Verunreinigungen, direkter\u00a0Lichteinwirkung, Feuchtigkeit, Staub und starken Temperaturschwankungen sch\u00fctzen.<\/p>\n<p style=\"text-align: justify;\">Schierling, den 05.03.2001<\/p>\n<p style=\"text-align: justify;\">Meinrad K\u00f6ssinger<\/p>\n<p style=\"text-align: justify;\">\n","protected":false},"excerpt":{"rendered":"<p>Vereinsfahne 1863-1913 des Gesangverein Liederkranz-Eintracht Eddersheim am Main e. V. Ablauf der Konservierung Nach der Fotodokumentation und Beschreibung wurde die Fahne demontiert. Fransen, Borten\u00a0und nachtr\u00e4glich aufgen\u00e4hte Ringe wurden abgetrennt. Nicht einmal durch das Auftrennen konnte das erw\u00fcnschte Ebnen der Seiden- und Samtfl\u00e4che\u00a0erzielt werden, weil beide Textilien mit festem Unterlagengewebe versehen sind. Durch die\u00a0Stickereien hat sich [&hellip;]<\/p>\n","protected":false},"author":2,"featured_media":0,"parent":78,"menu_order":0,"comment_status":"closed","ping_status":"closed","template":"","meta":{"footnotes":""},"class_list":["post-106","page","type-page","status-publish","hentry"],"_links":{"self":[{"href":"https:\/\/www.gv-eddersheim.de\/index.php?rest_route=\/wp\/v2\/pages\/106","targetHints":{"allow":["GET"]}}],"collection":[{"href":"https:\/\/www.gv-eddersheim.de\/index.php?rest_route=\/wp\/v2\/pages"}],"about":[{"href":"https:\/\/www.gv-eddersheim.de\/index.php?rest_route=\/wp\/v2\/types\/page"}],"author":[{"embeddable":true,"href":"https:\/\/www.gv-eddersheim.de\/index.php?rest_route=\/wp\/v2\/users\/2"}],"replies":[{"embeddable":true,"href":"https:\/\/www.gv-eddersheim.de\/index.php?rest_route=%2Fwp%2Fv2%2Fcomments&post=106"}],"version-history":[{"count":2,"href":"https:\/\/www.gv-eddersheim.de\/index.php?rest_route=\/wp\/v2\/pages\/106\/revisions"}],"predecessor-version":[{"id":108,"href":"https:\/\/www.gv-eddersheim.de\/index.php?rest_route=\/wp\/v2\/pages\/106\/revisions\/108"}],"up":[{"embeddable":true,"href":"https:\/\/www.gv-eddersheim.de\/index.php?rest_route=\/wp\/v2\/pages\/78"}],"wp:attachment":[{"href":"https:\/\/www.gv-eddersheim.de\/index.php?rest_route=%2Fwp%2Fv2%2Fmedia&parent=106"}],"curies":[{"name":"wp","href":"https:\/\/api.w.org\/{rel}","templated":true}]}}